+ -3) - (0 + -7)?
19
What is -13 + (9 + -20 + -1 + 11 - 6) + 104?
84
What is the value of 26 - (-32 + (-10 - (-17 - 10)))?
41
What is 80 + (-28 + 15 - -10 - (1 - -5)) + 5?
76
Calculate (7 - -5 - ((13 - 16) + 12)) + -56.
-53
(17 - 1) + (16 - 14 - -17 - 26)
9
What is -1 - ((4 - 2) + -4 + 3 + 10 + -22)?
10
What is the value of -5 + -174 + -776 + 877?
-78
Calculate 19 - (15 + (8 - 9) + -19).
24
Evaluate (-33 - 4) + (-614 - -670).
19
What is the value of 33 + -89 + 122 + -15?
51
Calculate -16 + -1 + (33 - 92 - -66).
-10
Calculate -14 + -7 + -257 + 136.
-142
Evaluate (-4913 - -4864) + (-1 - -113).
63
Calculate -15 + 2 + -2 + (-1 - -2) + 507 + -384.
109
Evaluate (4729 - 4662) + -27 + -1.
39
What is -1 - -3 - ((-25 - -6) + 34 + -31)?
18
What is the value of -19 + (8 + (-6 - -1) - (-2 - -7) - 2)?
-23
What is 13 - 5 - (683 - 651)?
-24
What is the value of (-8 + 7 - (97 + -57)) + -20 + 4?
-57
Calculate -9 + 6 + -7 + (-21 - 36).
-67
Evaluate -6 + 13 + 66 - (21 + (-14 - -5) + -27).
88
15 - (-16 + (-4 - 11) + 2 + 17)
27
-22 - (18 + -20 - 4 - 3) - 9
-22
What is (-55 - -73) + (2 - 10) + -21 - -37?
26
Evaluate 0 + -4 + -2 - 1 - ((110 - 32) + 18).
-103
17 + -1 + (-1 - 5 - (-226 + 215))
21
What is the value of ((11 - 12) + 7 + 2 - 11) + 37 + -45?
-11
What is the value of -2 + -58 + 10 + 20?
-30
What is the value of -62 - (-23 - (-57 + 26))?
-70
What is the value of -27 + 10 + -2 + -1 + 7 + (-69 - -87)?
5
Evaluate (-27 - 51 - -37) + -10.
-51
What is 15 + (0 + -1 - (5 + 2) - (5983 + -5987))?
11
What is the value of (-57 - -29 - -37) + (-18 + 7 - 18)?
-20
Calculate (17 - (-16 + 41 + -11)) + 13 + 1.
17
Calculate 4 - -1 - (-16 + 11 + (11 - -5) - 27).
21
Calculate -19 + 6 + 15 - 8 - -34.
28
-1 - (4 - 4 - 5) - (136 - 91)
-41
Calculate 1 - 0 - (-37 + -13 - -8 - -22).
21
What is the value of 629 + -631 + 17 + -13?
2
What is 26 + (50 + -53 - 51)?
-28
Evaluate 1 + -10 - ((-3 - -6) + -6 + (-44 - -3)).
35
What is the value of -161 + 13 + (-11 + 1 - (4 + -12 - 16))?
-134
What is the value of 235 + -232 - (-6 + 1 + -1 + (-4 - -32))?
-19
(69 - 55) + -50 + 76
40
What is 50 - ((-79 - -38) + 51)?
40
What is the value of -2 - -1 - (415 + -484)?
68
What is -18 + 9 + -5 + 14 - 44?
-44
Evaluate (8 - 86 - (34 - (-21 + 49))) + -9 + -1.
-94
What is 3 + (-4 - 5) - -2 - (4 + 26 + -1)?
-33
What is (-28 - (134 - 46)) + -17?
-133
(99 - (-19 + 12)) + -20 + 30 - 23
93
What is the value of 5 + -3 - (-17 + 20) - (-27 + -25)?
51
What is -9 - -8 - (30 - 7)?
-24
What is -10 + 0 + 4 - (-19 - (17 - 57))?
-27
What is the value of 781 + -781 - (2 + 28)?
-30
Calculate -192 + (-41 - -23) + 116.
-94
Calculate (12 - 21) + (0 - 3) + -1 + (53 - 12).
28
Evaluate -1 - -23 - ((-33 - (7 - 28 - -3)) + 4).
33
What is the value of (52 - 8) + -26 + -49?
-31
What is (31 - -51) + (-1 + 14 - 13) + 3 + 14?
99
What is -59 + 7 + (8 - (9 + 4)) - (2 - -4)?
-63
Calculate (-27 - -3 - (-76 + 145)) + 7 + -12.
-98
What is the value of -18 + -3 + 0 + 27 + 10?
16
Calculate -1 + (1 - 3) - (462 + -539) - (-1 + 4).
71
(4 - 2) + (10 + -2 - -1 - (5 + -13))
19
16 + (5 - (-15 - -30)) + 27
33
36 - (44 + -53 + -41 + 55)
31
What is -52 + 35 - -37 - (34 - 6)?
-8
Evaluate 1 + 32 - (363 + -285).
-45
What is -508 + 432 + (127 - -3)?
54
(-13 - (3 + -45)) + (-1 - -10) + (1 - 5)
34
What is the value of 2 + 35 + 440 + -494?
-17
What is -15 - (-6 + -6) - (-56 + 0) - (-10 - 1)?
64
What is the value of -16 - (-8 + -9 + (15 - 1) + 2)?
-15
Evaluate 1 + -4 + -438 + 474 + (10 - 2 - 4).
37
What is the value of -23 + 5 + 156 + -122 - (0 - 56)?
72
Calculate (-1 + -68 - (176 - 182)) + -17 + 21.
-59
What is the value of -41 + (3 - -22) + 43?
27
What is the value of -4 + (-92 - -29) + -12 + -6 + 12?
-73
-22 - (0 + -8 - -1 - 5)
-10
Calculate (-33 - (-6 - 16)) + -74 - (-1 + -7).
-77
What is the value of -8 + (6 - 2) + -16 - (-3729 + 3714)?
-5
Evaluate (12 - (-50 + 44)) + 27.
45
What is -46 - (-41 - 38) - 74?
-41
-53 - -11 - ((-6 - -27) + -10)
-53
Evaluate -79 + (-6 + -4 - (-45 - (-38 - -12))).
-70
What is (-3 + (-5 - -5) - -74) + -111 + 99?
59
(6 - ((3 - -32) + -8)) + 5 - (8 - -2)
-26
(-13 - (-31 + 22)) + -11 - 33
-48
(37 - 23) + (4 - (11 + -13) - (-93 + -1))
114
Evaluate 33 - ((-4 - ((1 - 4) + -13)) + (-273 - -260)).
34
-41 + -20 - (65 - 95 - 13)
-18
What is (10 - (-11 - (13 - 4))) + -5 + 13?
38
Evaluate -8 + (-5 - -9) + 15 - (-7 + -1).
19
What is -32 + -2 - ((-36 - (21 - 40)) + 16)?
-33
What is (-77 - 0) + (-14519 - -14529)?
-67
Evaluate 95 - (49 + -19 - -25).
40
What is the value of -1 - 14 - (-7593 + 7679)?
-101
Evaluate (149 + -126 - (10 + -5)) + (-1 - (8 - 0)).
9
Calculate -13 + -6 + (-13 - -49).
17
Evaluate (-1 - 1) + (-9 - -7) - (23 + 14 + 25).
-66
-11 + (2 - (-11 - -10)) + 9 + (1 - 66)
-64
Evaluate (-9 - (-29 - -4)) + (-272 - -232).
-24
Evaluate (6 + -5 - 9) + 29 + (11 - 22).
10
What is (-15 - -14) + 8 + -1 + 30?
36
What is 1060 + -1074 + -1 + 1 + -19 - 0?
-33
((34 - 57) + 22 - 3) + -85
-89
What is 6 + 1 + -6 + (-16 - -5) + (44 - -9)?
43
Calculate (-181 - 90) + 140 - -211.
80
Evaluate 53 + (-19 - 14) + -36.
-16
(6 - (-52 - -3)) + (-139 - -125)
41
What is 88 + 1 - (52 - 28 - -5 - 42) - 14?
88
Calculate -36 + 1 - (1629 + -1598).
-66
Calculate -32 + (30 - 8 - -14) - (-4 - (-1 + 38)).
45
(20 - -24 - 11) + (-47 - -43)
29
Evaluate (-6 - -6 - 10 - (-3 + 19 + -38)) + 62.
74
11 + 11 + (-26 - -29)
25
(5 + 6 - (2 + (-16 - -27))) + 10
8
Evaluate (-9 - -2) + (-49 - (47 + -91)).
-12
What is the value of (138 - 158) + (2 + -6 - -4)?
-20
29 + (20 + -14 + -74 - 30)
-69
Calculate 34 - (-16 + (3 + -6 - -9)).
44
Evaluate -22 + (-14 - -3 - (-2 + -169)).
138
What is (-1079 - -851) + 92 + 15?
-121
What is the value of 11 + (-4 - -8 - -14 - 14) - 48?
-33
38 + (-67 - -31) + (25 - 2)
25
Evaluate (30 - 18) + (-14 - -58) + -20.
36
-3 - (11 + -28) - (24 - -1)
-11
(-543 - -529) + -2 + 14 + 3 + 2
3
Evaluate 150 - (41 - 3 - 13 - -6).
119
Evaluate -103 - (-31 + -85 + 150).
-137
What is (-1 - 16) + (-10 - -11 - -18 - 12 - 16)?
-26
Evaluate -45 + (-3 - (2 - (6 + 8))).
-36
(44 - ((-16 - -27) + 34)) + (0 - -66)
65
Evaluate -148 + 206 + 5 + (-6 + 1 - -2).
60
Evaluate -17 + (-13 + 27 - 0) + (-8 - -6 - 27).
-32
Calculate (96 + 83 - 114) + (2 - 5).
62
Calculate -6 + (-19 - (-23 - -28)).
-30
What is the value of (-1 - (-1 + -5)) + 7 - (12 + -20 + 1)?
19
What is the value of 0 + 19 - (145 + -137) - -3 - -6?
20
Evaluate -91 - (90 + -65 + -25 - (-20 - 0)).
-111
What is (7 - -1 - 3 - 22) + -19?
-36
What is 16 + (-429 + 415 - (62 + (0 - -4)))?
-64
What is (7 - (-21 + 23) - -5) + 2 + (0 - -74)?
86
Evaluate -161 + 225 - (0 + 34) - 147.
-117
Evaluate -34 + 20 + (117 - 93).
10
What is the value of 50 + (156 - 112) + -102?
-8
83 - (38 + 48 - 38)
35
Evaluate (-24 - (31 + (-43 - 13))) + -20.
-19
What is -546 + 558 - (3 - -7 - (0 - -3))?
5
42 + 56 + -122 + (4 + -24 - 0)
-44
15 + -13 + (-6 - 7) + -8
-19
((17 - 50) + 38 - -27) + -141
-109
Calculate -12 - 1 - (-42 + -26 + 61) - (-97 + 11).
80
What is the value of (18 - (3 - 6)) + (54 + -52 - (2 - 7))?
28
-2 - (62 + 18 + -36)
-46
What is the value of 2 + 0 + 283 + (-16 - 145)?
124
Evaluate -6 + 8 + -10 - ((1 - 14) + 53).
-48
What is 57 + -2 + (-10 - 0 - (-31 + (-3 - -37)))?
42
What is (1 - (-1 + 0)) + 0 + (6962 - 6994)?
-30
What is 1 + (-1 - 0 - -12) - (2370 + -2376)?
18
What is the value of (19 - 57) + 10 + 7 + 45?
24
(10 + -7 - -6) + 1 + 1 - (232 + -208)
-13
Calculate (-63 - -110) + -10 + (-9 - -7) + -18.
17
Calculate (84 - -59) + -83 - 4.
56
What is the value of 58 - (-36 + 49) - 0?
45
-781 - -705 - (-4 - 47)
-25
What is the value of (26 - -55) + 1 + -16 + -4 - 6?
56
What is the value of -103 + 12 + (96 - 44)?
-39
What is -19 - (-21 + -31 + 32)?
1
What is 110 - 11 - (584 - 446)?
-39
154 - (27 - -87) - (0 - 69)
109
What is the value of 13 + (-48 - (3 - 5))?
-33
What is (-6 - (2 - (16 - 52))) + (-26 - -15)?
-55
What is -427 + 428 - (1 + (-2 - -1) - 3)?
4
What is the value of 30 - (107 - ((24 - 4) + -26))?
-83
Calculate -22 + -1 - (821 + -775 - (0 - -36)).
-33
What is the value of (-12 - -37 - -18) + (2 + 3 - (11 + 0))?
37
What is -26 + (8 - 4) - (8 + (-12 - -1))?
-19
Evaluate -13 - (-2 + -6 + (-3 - -3)).
-5
What is (8 - (-8 + 10 + 2 + 5)) + (2 - -51)?
52
What is -81 + (277 - 294 - (1 - (-2 - (1 + -12))))?
-90
What is the value of -25 + -3 + (157 - 132) - 4?